 remainder when 3090890 is divided by 1030295.
5
What is the remainder when 15336 is divided by 3722?
448
What is the remainder when 1981058 is divided by 306?
14
Calculate the remainder when 84077 is divided by 28009.
50
Calculate the remainder when 143512574 is divided by 16.
14
Calculate the remainder when 313034 is divided by 5805.
5369
What is the remainder when 3529130 is divided by 333?
329
What is the remainder when 89234459 is divided by 6373889?
13
What is the remainder when 7987262 is divided by 7987245?
17
Calculate the remainder when 19676209 is divided by 274.
269
What is the remainder when 23854572 is divided by 262?
258
Calculate the remainder when 256975 is divided by 44.
15
Calculate the remainder when 97867268 is divided by 129.
128
What is the remainder when 623512 is divided by 10?
2
Calculate the remainder when 381834071 is divided by 25.
21
What is the remainder when 41698 is divided by 3068?
1814
What is the remainder when 1505082 is divided by 13087?
77
Calculate the remainder when 507985 is divided by 62609.
7113
What is the remainder when 9650517 is divided by 4?
1
Calculate the remainder when 4499777 is divided by 338.
321
Calculate the remainder when 261580907 is divided by 52316179.
12
Calculate the remainder when 4222903 is divided by 31.
21
Calculate the remainder when 3949454 is divided by 17.
14
What is the remainder when 468760 is divided by 12329?
258
What is the remainder when 13807681 is divided by 48448?
1
Calculate the remainder when 8596209 is divided by 1933.
158
Calculate the remainder when 719459 is divided by 556.
551
What is the remainder when 2114167 is divided by 5222?
4479
What is the remainder when 253246587 is divided by 28?
27
Calculate the remainder when 689129 is divided by 76558.
107
Calculate the remainder when 24576 is divided by 5510.
2536
What is the remainder when 107387 is divided by 129?
59
Calculate the remainder when 2459512 is divided by 796.
668
Calculate the remainder when 2345345 is divided by 734.
215
What is the remainder when 298591 is divided by 418?
139
Calculate the remainder when 1566894 is divided by 138.
42
Calculate the remainder when 77447 is divided by 9669.
95
What is the remainder when 4547902 is divided by 1136971?
18
Calculate the remainder when 70386 is divided by 34944.
498
Calculate the remainder when 24236237 is divided by 113.
110
What is the remainder when 2917628 is divided by 1303?
211
Calculate the remainder when 291050711 is divided by 24.
23
What is the remainder when 1706503 is divided by 4807?
18
Calculate the remainder when 11710 is divided by 3643.
781
Calculate the remainder when 822631293 is divided by 10412.
10409
Calculate the remainder when 29861 is divided by 18.
17
Calculate the remainder when 2406742 is divided by 8720.
22
What is the remainder when 3712710 is divided by 928165?
50
Calculate the remainder when 8374174 is divided by 34.
8
Calculate the remainder when 4229272 is divided by 302083.
110
What is the remainder when 71501844 is divided by 1783?
1761
Calculate the remainder when 1341887 is divided by 5008.
4751
Calculate the remainder when 5209093 is divided by 84.
1
Calculate the remainder when 16980883 is divided by 2011.
2010
What is the remainder when 242101 is divided by 1450?
1401
Calculate the remainder when 8309920 is divided by 25.
20
Calculate the remainder when 1051001 is divided by 3981.
17
Calculate the remainder when 1483221 is divided by 470.
371
Calculate the remainder when 32156 is divided by 3988.
252
Calculate the remainder when 6492 is divided by 3238.
16
Calculate the remainder when 38408397 is divided by 19204195.
7
What is the remainder when 2812004 is divided by 127818?
8
Calculate the remainder when 382792 is divided by 191103.
586
What is the remainder when 39060828 is divided by 2920?
2908
What is the remainder when 92323 is divided by 154?
77
What is the remainder when 6050823 is divided by 1627?
10
Calculate the remainder when 169206 is divided by 168525.
681
What is the remainder when 46876756 is divided by 1562558?
16
Calculate the remainder when 19251 is divided by 264.
243
Calculate the remainder when 658794416 is divided by 10130.
10126
What is the remainder when 27038249 is divided by 201?
131
What is the remainder when 1710108 is divided by 39?
36
Calculate the remainder when 26033834 is divided by 8677930.
44
What is the remainder when 1639228 is divided by 1615?
3
What is the remainder when 16607428 is divided by 453?
448
What is the remainder when 32645577 is divided by 60?
57
What is the remainder when 39861540 is divided by 4982692?
4
Calculate the remainder when 17088683 is divided by 636.
635
Calculate the remainder when 7544268 is divided by 419126.
0
Calculate the remainder when 299120 is divided by 261.
14
What is the remainder when 64263395 is divided by 7987?
7980
What is the remainder when 107081 is divided by 620?
441
What is the remainder when 516796 is divided by 172248?
52
What is the remainder when 181804974 is divided by 893?
890
Calculate the remainder when 11144 is divided by 405.
209
What is the remainder when 553495 is divided by 3314?
57
Calculate the remainder when 34437 is divided by 202.
97
What is the remainder when 242874 is divided by 26973?
117
What is the remainder when 2476987 is divided by 1059?
1045
What is the remainder when 1184043 is divided by 31136?
875
Calculate the remainder when 195999 is divided by 871.
24
Calculate the remainder when 52641701 is divided by 463.
453
Calculate the remainder when 10510 is divided by 1311.
22
What is the remainder when 3923313 is divided by 175?
163
What is the remainder when 21772943 is divided by 2210?
23
What is the remainder when 5916195 is divided by 6234?
129
What is the remainder when 1460135 is divided by 6?
5
What is the remainder when 4855624 is divided by 431?
409
Calculate the remainder when 253324 is divided by 563.
537
Calculate the remainder when 10496612 is divided by 5248306.
0
Calculate the remainder when 323038 is divided by 11.
1
Calculate the remainder when 413405626 is divided by 4764.
4762
Calculate the remainder when 815606 is divided by 7623.
7568
What is the remainder when 70289 is divided by 4390?
49
What is the remainder when 13652325 is divided by 133?
8
What is the remainder when 473061 is divided by 154039?
10944
Calculate the remainder when 4785 is divided by 4734.
51
What is the remainder when 2254227 is divided by 165?
162
Calculate the remainder when 17079 is divided by 8193.
693
Calculate the remainder when 2381331 is divided by 62665.
61
Calculate the remainder when 219627 is divided by 219.
189
Calculate the remainder when 2196494 is divided by 414.
224
Calculate the remainder when 181810 is divided by 4040.
10
Calculate the remainder when 18874747 is divided by 7991.
5
Calculate the remainder when 1995596 is divided by 40725.
71
Calculate the remainder when 100383 is divided by 105.
3
Calculate the remainder when 2889021 is divided by 26997.
342
What is the remainder when 241410 is divided by 241399?
11
Calculate the remainder when 610176 is divided by 3558.
1758
What is the remainder when 4274559 is divided by 761?
22
Calculate the remainder when 175472 is divided by 13466.
414
Calculate the remainder when 264233 is divided by 592.
201
Calculate the remainder when 1560445 is divided by 46.
33
Calculate the remainder when 10111015 is divided by 94.
93
What is the remainder when 4461699 is divided by 892339?
4
What is the remainder when 17564897 is divided by 1512?
1505
Calculate the remainder when 4214 is divided by 1801.
612
What is the remainder when 63492548 is divided by 153?
149
What is the remainder when 3609206 is divided by 110?
106
Calculate the remainder when 442609 is divided by 786.
91
What is the remainder when 1278891 is divided by 11?
9
Calculate the remainder when 2401872 is divided by 266870.
42
Calculate the remainder when 128848 is divided by 901.
5
Calculate the remainder when 56928122 is divided by 14232023.
30
Calculate the remainder when 146506 is divided by 5854.
156
What is the remainder when 181207 is divided by 714?
565
Calculate the remainder when 111136 is divided by 108072.
3064
What is the remainder when 3886086 is divided by 20?
6
What is the rem